
78
Calculate the remainder when 145 is divided by 43.
16
What is the remainder when 2576 is divided by 366?
14
Calculate the remainder when 673 is divided by 44.
13
What is the remainder when 475 is divided by 159?
157
What is the remainder when 10679 is divided by 120?
119
Calculate the remainder when 4241 is divided by 14.
13
Calculate the remainder when 97 is divided by 11.
9
Calculate the remainder when 686 is divided by 226.
8
What is the remainder when 677 is divided by 49?
40
Calculate the remainder when 126 is divided by 13.
9
What is the remainder when 98 is divided by 33?
32
What is the remainder when 24 is divided by 3?
0
What is the remainder when 243 is divided by 62?
57
What is the remainder when 45 is divided by 38?
7
Calculate the remainder when 1446 is divided by 96.
6
Calculate the remainder when 1714 is divided by 28.
6
Calculate the remainder when 100 is divided by 34.
32
What is the remainder when 674 is divided by 62?
54
Calculate the remainder when 15127 is divided by 122.
121
What is the remainder when 34 is divided by 21?
13
What is the remainder when 1258 is divided by 28?
26
Calculate the remainder when 353 is divided by 119.
115
Calculate the remainder when 4288 is divided by 55.
53
Calculate the remainder when 200 is divided by 29.
26
What is the remainder when 170 is divided by 58?
54
What is the remainder when 459 is divided by 223?
13
What is the remainder when 1887 is divided by 210?
207
Calculate the remainder when 1538 is divided by 110.
108
Calculate the remainder when 692 is divided by 58.
54
Calculate the remainder when 537 is divided by 36.
33
What is the remainder when 204 is divided by 26?
22
What is the remainder when 417 is divided by 19?
18
Calculate the remainder when 6190 is divided by 36.
34
What is the remainder when 8789 is divided by 28?
25
What is the remainder when 306 is divided by 8?
2
Calculate the remainder when 485 is divided by 161.
2
Calculate the remainder when 525 is divided by 24.
21
Calculate the remainder when 204 is divided by 67.
3
Calculate the remainder when 373 is divided by 46.
5
What is the remainder when 515 is divided by 4?
3
What is the remainder when 277 is divided by 35?
32
Calculate the remainder when 513 is divided by 28.
9
What is the remainder when 531 is divided by 38?
37
What is the remainder when 1722 is divided by 20?
2
Calculate the remainder when 82 is divided by 30.
22
What is the remainder when 927 is divided by 32?
31
Calculate the remainder when 1159 is divided by 64.
7
What is the remainder when 2955 is divided by 34?
31
Calculate the remainder when 3086 is divided by 238.
230
What is the remainder when 444 is divided by 59?
31
What is the remainder when 1005 is divided by 14?
11
What is the remainder when 412 is divided by 7?
6
What is the remainder when 429 is divided by 314?
115
Calculate the remainder when 59 is divided by 5.
4
Calculate the remainder when 136 is divided by 31.
12
Calculate the remainder when 670 is divided by 42.
40
Calculate the remainder when 575 is divided by 16.
15
What is the remainder when 1317 is divided by 30?
27
What is the remainder when 1044 is divided by 174?
0
What is the remainder when 3026 is divided by 3?
2
Calculate the remainder when 134 is divided by 79.
55
What is the remainder when 591 is divided by 24?
15
Calculate the remainder when 75047 is divided by 318.
317
What is the remainder when 173 is divided by 22?
19
Calculate the remainder when 1199 is divided by 62.
21
Calculate the remainder when 256 is divided by 40.
16
What is the remainder when 156 is divided by 90?
66
What is the remainder when 1268 is divided by 421?
5
What is the remainder when 467 is divided by 225?
17
What is the remainder when 267 is divided by 27?
24
What is the remainder when 307 is divided by 104?
99
What is the remainder when 605 is divided by 36?
29
What is the remainder when 123 is divided by 4?
3
What is the remainder when 78 is divided by 25?
3
What is the remainder when 488 is divided by 28?
12
Calculate the remainder when 318 is divided by 11.
10
Calculate the remainder when 305 is divided by 59.
10
What is the remainder when 285 is divided by 50?
35
What is the remainder when 8 is divided by 5?
3
What is the remainder when 407 is divided by 79?
12
Calculate the remainder when 545 is divided by 184.
177
What is the remainder when 81 is divided by 74?
7
Calculate the remainder when 35 is divided by 7.
0
What is the remainder when 247 is divided by 50?
47
Calculate the remainder when 151 is divided by 107.
44
What is the remainder when 51 is divided by 26?
25
What is the remainder when 200 is divided by 12?
8
Calculate the remainder when 34 is divided by 29.
5
Calculate the remainder when 14439 is divided by 249.
246
Calculate the remainder when 37512 is divided by 23.
22
What is the remainder when 211 is divided by 64?
19
Calculate the remainder when 935 is divided by 305.
20
Calculate the remainder when 84357 is divided by 444.
441
Calculate the remainder when 1274 is divided by 51.
50
Calculate the remainder when 1646 is divided by 822.
2
Calculate the remainder when 101 is divided by 25.
1
Calculate the remainder when 5131 is divided by 87.
85
What is the remainder when 956 is divided by 96?
92
Calculate the remainder when 815 is divided by 39.
35
What is the remainder when 161 is divided by 46?
23
What is the remainder when 989 is divided by 453?
83
Calculate the remainder when 811 is divided by 74.
71
What is the remainder when 684 is divided by 680?
4
What is the remainder when 226 is divided by 12?
10
Calculate the remainder when 19830 is divided by 94.
90
What is the remainder when 296 is divided by 139?
18
What is the remainder when 145 is divided by 61?
23
Calculate the remainder when 148 is divided by 9.
4
What is the remainder when 208 is divided by 102?
4
What is the remainder when 222 is divided by 18?
6
What is the remainder when 308 is divided by 82?
62
What is the remainder when 139 is divided by 35?
34
What is the remainder when 69 is divided by 24?
21
What is the remainder when 437 is divided by 205?
27
What is the remainder when 123 is divided by 3?
0
What is the remainder when 891 is divided by 14?
9
Calculate the remainder when 78 is divided by 40.
38
Calculate the remainder when 767 is divided by 3.
2
What is the remainder when 1144 is divided by 50?
44
What is the remainder when 1042 is divided by 19?
16
Calculate the remainder when 14347 is divided by 34.
33
What is the remainder when 16835 is divided by 138?
137
What is the remainder when 120 is divided by 26?
16
What is the remainder when 1783 is divided by 18?
1
What is the remainder when 107 is divided by 58?
49
What is the remainder when 1127 is divided by 130?
87
Calculate the remainder when 1516 is divided by 66.
64
Calculate the remainder when 64 is divided by 40.
24
What is the remainder when 1098 is divided by 12?
6
What is the remainder when 39 is divided by 32?
7
What is the remainder when 251 is divided by 226?
25
Calculate the remainder when 46 is divided by 3.
1
What is the remainder when 689 is divided by 624?
65
Calculate the remainder when 1506 is divided by 28.
22
Calculate the remainder when 2287 is divided by 79.
75
What is the remainder when 2183 is divided by 243?
239
What is the remainder when 55 is divided by 7?
6
Calculate the remainder when 13022 is divided by 148.
146
Calculate the remainder when 321 is divided by 54.
51
What is the remainder when 1063 is divided by 63?
55
What is the remainder when 2999 is divided by 428?
3
What is the remainder when 87 is divided by 8?
7
Calculate the remainder when 9907 is divided by 396.
7
Calculate the remainder when 37 is divided by 17.
3
What is the remainder when 1207 is divided by 289?
51
What is the remainder when 2986 is divided by 61?
58
What is the remainder when 60 is divided by 13?
8
What is the remainder when 167 is divided by 10?
7
Calculate the remainder when 486 is divided by 7.
3
Calculate the remainder when 283 is divided by 107.
69
What is the remainder when 2608 is divided by 49?
11
What is the remainder when 80 is divided by 11?
3
Calculate the remainder when 546 is divided by 5.
1
Calculate the remainder when 874 is divided by 34.
24
Calculate the remainder when